 Let k be z(-4). Let t(w) = -w**2 + 6*w + 10. Let i be t(k). Suppose -g + j = -9, -5*j - 26 = -i*g - 3*j. What is the units digit of g?
8
Let b(p) = p - 3. Let u(j) = -j**2 + 3. Let v(n) = -3*b(n) - 2*u(n). Let h be v(3). Let g = h + -5. What is the units digit of g?
7
Let w(s) = 65*s + 3. Let a be w(2). Let c = a + -89. What is the units digit of c?
4
Suppose 55*a - 59*a = -208. What is the units digit of a?
2
Suppose -2*l = -5*l + 6. Suppose 0 = 5*q - 4*i - 115, l*i - 69 = -0*q - 3*q. What is the units digit of q?
3
Suppose -5 + 17 = 3*r + 4*b, 0 = -4*r + b + 16. Suppose 0*u - r*u + 29 = f, 2*u = 5*f - 79. What is the units digit of f?
7
Suppose t - 3 = -0. Let s(i) = -6*i**2 - i**t + 3*i**2 + 4*i - 5*i. What is the units digit of s(-3)?
3
Let b = 9 + -4. Suppose 3*i + i - 2*c + 30 = 0, -b*c = 25. What is the tens digit of ((-7)/((-7)/i))/(-1)?
1
Suppose 2 - 8 = -3*l. Suppose -l*s - 4 - 2 = 0. Let v = 10 + s. What is the units digit of v?
7
Suppose 31 = -2*j - 5. Let n = j - -35. What is the tens digit of n?
1
Suppose 7*x - 30 = 5*x. Suppose -5*y = 5, -t + 0*y - 3*y = 15. What is the units digit of (t/(-5))/(x/50)?
8
Suppose -84 - 147 = -3*p. What is the tens digit of p?
7
Suppose p + 3 - 31 = 2*o, 3*p = -5*o + 139. What is the units digit of p?
8
Suppose 0*m + 3*c + 33 = 4*m, -3*m + c + 21 = 0. Suppose 2*n = n + m. What is the units digit of n + 3/(-3)*3?
3
Suppose -2*n - 19 = -427. What is the units digit of n?
4
Let q be (-4)/(-6)*(-6)/(-4). What is the units digit of q/((-57)/(-27) - 2)?
9
Suppose -4*t - 11 = -27. Let y be 37/(-3) + 2/6. What is the units digit of ((-8)/y)/(t/18)?
3
Suppose -g + 95 = 4*d, 4*d - 3*d + 3*g = 21. Suppose 6*s - d = 2*s. Let j = s - -11. What is the units digit of j?
7
Let r(v) = 3*v - v - 4*v - 10. Suppose 0 = -g - 2, 47 - 9 = -5*h + g. What is the units digit of r(h)?
6
Let z(c) = -10 - 3*c**2 + 2*c**2 + 2*c**2 - 2*c**2 - 10*c. What is the units digit of z(-7)?
1
What is the units digit of -1*(-1106)/10 - (-6)/(-10)?
0
Let n(s) = -19*s**3 + 2*s**2 - 3*s - 3. What is the hundreds digit of n(-2)?
1
Let q = 9 + -1. What is the units digit of q?
8
Suppose -4*g - 4*t + 314 - 62 = 0, -2*t - 234 = -4*g. What is the tens digit of g?
6
Suppose -3*o = 5 - 452. What is the tens digit of o?
4
Let l(y) = 6*y - 1. Let x be l(1). Suppose 198 = 3*a + x*f - 2*f, 5*a - 3*f - 322 = 0. Suppose -a - 15 = -5*s. What is the tens digit of s?
1
Let k be ((-2)/(-4))/(2/16). Suppose 0 = -5*q + k*n + 37 + 16, -4*n - 17 = -q. What is the units digit of q?
9
Suppose 3*i + 4*i = 1883. What is the units digit of i?
9
Let x = 416 - 238. What is the units digit of x?
8
Suppose 16 = 2*p + 5*b, -2*b = 4*p - b - 14. Suppose -p*d = 10 + 14. What is the units digit of (-10)/15 + d/(-3)?
2
Suppose -2*y + 84 = 3*f + 27, -5*y - f + 175 = 0. What is the tens digit of y?
3
Let z(q) = -q. Let p be z(-1). Let x be 10 + (2 - 3) - p. Let r = x + -6. What is the units digit of r?
2
Let u = -451 + 216. What is the units digit of u/(-35) - (-2)/7?
7
Suppose -5*i + y - 38 = 0, i = 3*y - 1 - 1. What is the units digit of (-89)/(-2) + (-4)/i?
5
Suppose 0 = -a + 2*b + 16, -2*a + 5*b - 10 = -47. Suppose 5*n = 4*s - 9, -2*n + s - a + 3 = 0. What is the units digit of ((-3)/5)/(n/5)?
3
Suppose 5*q = 2*p + 1, 3 = -p - 5*q - 5. Let a = 10 + p. What is the units digit of a?
7
Suppose 2*h + 250 = 3*x, 4*x - 2*x + h - 176 = 0. What is the tens digit of x?
8
Let v be (-4)/(-8) + 14/4. Suppose v*r - 16 = 3*h - 4*h, 2*h = 5*r + 6. What is the units digit of h?
8
Let p(y) = y**2 + 5*y - 2. Let r be p(3). Suppose -k - 5*w - r = 0, 4*w - 3*w = 5*k + 110. Let t = -7 - k. What is the tens digit of t?
1
Let r(f) = 15*f**2 - 4*f - 1. What is the tens digit of r(2)?
5
Let z = 1 - 3. Let y = 9 - z. What is the units digit of y?
1
Let i(x) = -x + 41. What is the units digit of i(0)?
1
Let o be 2/(-11) + (-84)/22. Let r be (-298)/4 + (-2)/o. What is the units digit of r/(-14) - 6/21?
5
Let r = 67 + -38. Let v = 20 - r. What is the units digit of (-2)/((15/v)/5)?
6
Suppose -3*a + 2*a - 2*z = -22, -68 = -2*a + 4*z. Let f = a + -11. Let r = 29 - f. What is the units digit of r?
2
Suppose 5*w - 5 = 5*b, -b + 0*b = 5*w - 17. Suppose -17 = -2*n + 25. Suppose 9 + n = w*p. What is the tens digit of p?
1
Let q be ((-4)/5)/(6/45). Let h(n) = n**3 + 5*n**2 - 6*n + 2. Let p be h(q). Suppose -5*y + 75 = 5*r, -p*r + 34 = 2*y + y. What is the tens digit of r?
1
What is the units digit of 2/(-3) + (-140)/(-3)?
6
Let q(l) = -14*l + 2. Suppose 3*m - 3*v + 12 = -9, 0 = m - 5*v + 27. What is the units digit of q(m)?
0
Suppose -4*z + 231 = 27. What is the units digit of z?
1
Suppose 0 = -2*n + 9 + 9. What is the units digit of n?
9
What is the tens digit of (1/1)/(8/192)?
2
Suppose 4*o - 4*y = 8, 3*o - 3*y - 3 = -y. Let t = 0 - o. What is the units digit of 8*t - (-1 - -2)?
7
Suppose 2*d + 208 = 5*x, -d + 25 = x - 11. Let y = x + -16. What is the tens digit of y?
2
Suppose -10*y + 9 = -7*y. Suppose -2*l + 3*q = -4*l + 81, -4*l - y*q = -153. What is the units digit of l?
6
Let s = -8 - -12. Suppose -10 = s*i - 5*i. What is the units digit of i?
0
Suppose -3*z = -22 - 5. Let x(j) = -j**3 + 9*j**2 + 4. What is the units digit of x(z)?
4
Let c(t) be the first derivative of -t**4/4 - 2*t**3 - 3*t**2/2 - 8*t + 1. Let f(d) = -d**2 + 3*d + 4. Let m be f(5). What is the units digit of c(m)?
0
Let u = -41 - -84. Let m = -26 + u. What is the units digit of m?
7
Let m(c) = 3*c**2 - 2*c + 1. Let n be m(3). Suppose 0*d = d - n. What is the units digit of d?
2
Suppose 45 = 2*a + 3*a. What is the units digit of a?
9
Let z = 363 + -195. Suppose -v + z = 3*v. Suppose -3*n + 0*n = -v. What is the tens digit of n?
1
Let u(d) = 5*d - 19. What is the tens digit of u(16)?
6
Suppose -2*i - 70 = -9*i. What is the units digit of i?
0
Suppose 10*v - 783 = v. What is the tens digit of v?
8
Let m be (-16)/(-10) - 2/(-5). Suppose -3*v + 3 = -q, -3*q + m*v + 3 = 5*v. Suppose -3 + q = -3*z. What is the units digit of z?
1
Suppose -2 - 12 = -2*l. Let x(r) = r**2 - 6*r - 2. Let t be x(l). Suppose -t*d + 2*v + 69 = 0, 3*d - 43 = -3*v + 11. What is the tens digit of d?
1
Suppose 2*j - f = 91, -2*f - 2*f - 229 = -5*j. What is the tens digit of j?
4
Suppose -5*v = -4*n - 11, -5*n - 7 = -2*v - 2*v. Let u = v + -1. Suppose -2 - u = -4*y. What is the units digit of y?
1
Let t(g) = 2*g**2 - 6*g - 9. Let h be t(7). What is the units digit of 12 + -8 + (h - -1)?
2
Suppose -3*h = 3*m - 78, -5*h = -m + 4*m - 74. What is the units digit of m?
8
Let f(u) = 47*u**2 - 3*u - 2. What is the tens digit of f(-1)?
4
Let w(g) = -g**2 - 18*g - 10. Let a be w(-9). Suppose a = 2*d - 3*p, 5*d - 4*p = -p + 173. What is the units digit of d?
4
Let j(c) be the second derivative of c**5/20 + 5*c**4/6 - 2*c**3 - 3*c**2/2 - c. Let x(y) = -y**2 - 6*y + 5. Let n be x(-8). What is the units digit of j(n)?
8
Let r(n) = -10*n**2 + 2*n - 1. Let x be r(1). Let s = x + 10. What is the units digit of s?
1
Suppose 4*p = 276 - 28. What is the tens digit of p?
6
Let u be 3 + (-12)/4 + 3. Suppose u*n + 19 = 5*f, -4*f + 26 = n + 2*n. What is the units digit of f?
5
Let v(n) = n + 37. What is the tens digit of v(-15)?
2
Let n(x) = x**2 - 8*x - 9. Let o(q) = q**3 - q**2 - 4*q + 4. Let f be o(3). What is the units digit of n(f)?
1
Suppose -3*q = 30 - 72. Suppose -2*j + 0*j + 19 = 3*v, 3*v - q = -j. What is the units digit of 2/2 - (-25)/j?
6
Suppose 2*j + 3*y - 29 = -0*y, -j + y + 2 = 0. Suppose -d + j = -42. What is the units digit of d?
9
Let f(v) = 3*v - 5*v + v - v + 1. What is the units digit of f(-1)?
3
What is the tens digit of (-49 - -5)*(0 + -1)?
4
What is the tens digit of 0/(3 + 0) + 27?
2
What is the units digit of 265 - (-1*(1 - -2) - 1)?
9
Let d be (-3)/7 - (-31)/7. What is the units digit of 1 - (d + -2 - 9)?
8
Suppose -3*w + 36 = -3*a, -2*a - 54 = -3*w - 2*w. What is the tens digit of ((-6)/(-9))/(w/315)?
2
Let w be (-44)/1 + (4 - 1). What is the units digit of -3 - (w - 0 - -1)?
7
Let j = 34 - 26. What is the units digit of j?
8
Suppose -102 = -4*p - r + 3*r, 0 = -2*p - 3*r + 39. What is the units digit of p?
4
Suppose -4*c = -2*r - 8 + 48, -4*r + 35 = -3*c. What is the units digit of ((-12)/c)/((-6)/(-99))?
2
Let z = 9 + -6. Suppose -4*u + 34 = 2*l, -z - 3 = -2*